 c(b) = -b**3 - 2*b**2 - b. Give c(g).
12
Suppose -21*u + 26*u - 15 = 0. Suppose -4*v - 36 = u*m, 0 = 2*v + 3*m - 4 + 22. Let l(f) = -f**2 - 7*f + 13. Calculate l(v).
-5
Let j(p) = 2*p**2 + 17*p + 3. Let a(h) = 3*h**2 + 25*h + 4. Suppose -92*y + 28 = -88*y. Let b(c) = y*j(c) - 5*a(c). Calculate b(-5).
6
Let b(s) = -17*s**3 - 4*s + 5*s**2 + 16*s**3 + 3*s - 6. Determine b(5).
-11
Suppose 3*z = 7 - 1. Let w = 65 - 62. Let u(q) = 70*q - 70*q + 2 + 2*q**w. Determine u(z).
18
Let k(v) = -v**3 - 14*v**2 + 15*v + 15. Let y = -555 + 540. Calculate k(y).
15
Let o(w) = w**2 - 1. Let s(n) = n**3 + 12*n**2 - 3*n - 9. Let i(d) = -6*o(d) + s(d). Let v = 11779 + -11785. Determine i(v).
15
Let i(n) = 3*n**3 - n. Let b be i(1). Let v(r) = -1 - 6*r - r**2 + 4*r - r**b + 3*r**2. Calculate v(2).
-1
Let k be (2/(-3))/1*-9. Let f = 123 + -121. Let o be k/f + 16 + -21. Let y(u) = u**3 + u**2 - 2*u - 2. Calculate y(o).
-2
Let f be (-372)/(-84) - (-8)/14. Let a(z) = -5*z**2 + 3*z - 3. Let w(v) = 4*v**2 - 4*v + 3. Let x(r) = -3*a(r) - 4*w(r). Calculate x(f).
7
Let x(w) be the first derivative of w**3/3 - 2*w**2 + 1. Let b = 27 - 29. Let p be b + (-69)/(-9) + 6/(-9). What is x(p)?
5
Let o(c) = -597 + 2*c - 615 + c**3 - 15*c**2 + 1185. Give o(15).
3
Let f = 30 - 16. Let w be 49/f - (-6)/(-4). Let p(u) = -u + 29*u**w + 0*u**3 + 2 + u**3 - 27*u**2. Calculate p(-3).
-4
Let d(p) = -9*p**3 + 21*p**2 + 7*p - 7. Let f(z) = 5*z**3 - 11*z**2 - 4*z + 4. Let t(y) = 6*d(y) + 11*f(y). Determine t(-5).
12
Let c(z) = -2*z**2 - z + 1. Suppose -2*g + 2*j = -10, 5*j + 7 = g + 3*j. Suppose 0 = g*q - 2*q. Suppose w + 2 = -0*b + 5*b, -w + b - 2 = q. Give c(w).
-5
Suppose -6*o = 2*u - 3*o + 8, -4*u - 5*o = 12. Let b be 2*3/(-2) - u. Let v(s) = -2*s - 1. What is v(b)?
9
Suppose -2*a + 0 = -4. Suppose a = -2*v + 12. Suppose -v*g = -4*f + 17, 7*f + 5 = 2*f + g. Let i(r) = 2*r**3 + 2*r**2 - r + 2. Give i(f).
-4
Let n(f) be the third derivative of 0 + 1/60*f**5 + 0*f - 21*f**2 - 2/3*f**3 + 1/6*f**4. What is n(-5)?
1
Suppose -395*g + 368*g + 135 = 0. Let p(x) = x**3 - 4*x**2 - 3*x + 7. Let v(a) = 5*a**3 - 20*a**2 - 14*a + 36. Let f(k) = 11*p(k) - 2*v(k). Determine f(g).
5
Let q(s) = s**3 - 2*s**2 - 2*s + 1. Let v be -1*14/(-3)*(-2 + 5). Let h be (-6)/v - (-310)/70 - 2. What is q(h)?
-3
Suppose -8*f + 5*f = 0. Suppose q + 14 = 3*k, f*q = q - 4. Let s(d) = d**2 - 5*d - 3. Give s(k).
3
Let v(y) = y**3 + 3*y**2 - 2*y - 9. Suppose 2*w - 4 = -f - 0, f + 20 = 4*w. Determine v(f).
-17
Let g(i) = -49*i + 30. Let d(y) = 215*y - 119. Let a(p) = -2*d(p) - 9*g(p). Give a(3).
1
Let u(f) = 2*f**3 - 42*f**2 - 7*f - 1. Let b(p) = -p**3 + 24*p**2 + 4*p. Let w(o) = 7*b(o) + 4*u(o). What is w(2)?
4
Let c(r) = -12*r**3 - 4*r**2 + 2*r - 11. Let a(d) = -13*d**3 - 5*d**2 + 2*d - 14. Let j(g) = -4*a(g) + 5*c(g). What is j(-1)?
7
Let h(q) = 4*q**3 - 2*q**2 - 9*q + 1. Let j(b) = -3*b**3 + b**2 + 7*b - 1. Let g(o) = 2*h(o) + 3*j(o). Give g(2).
-7
Let t be ((-84)/(-10) + -8)*10. Let d(v) = -v**2 + 4*v + 12. What is d(t)?
12
Let t(f) = f**3 - 5*f**2 - 2*f - 8. Let u = -356 + 362. Calculate t(u).
16
Let w(x) be the second derivative of x**4/12 - x**3/3 - x**2/2 + 2*x. Suppose 0*k - 5*k = 0. Suppose 3*p = o + 17, 3*p = -k*p - 3*o - 3. Give w(p).
7
Suppose 68 = 4*w + 16. Let r = 9 - w. Let b(q) = -q**3 - 5*q**2 - 2*q - 3. Determine b(r).
-11
Let y(c) be the second derivative of -c**5/20 - 7*c**4/12 - c**3 - 7*c**2/2 + 33*c - 1. Calculate y(-6).
-7
Let g(j) = j**3 + 9*j**2 + 5*j + 2. Let q = -289 - -281. Calculate g(q).
26
Let p(b) = b**3 + 4*b**2 - 5. Suppose -49 = -5*a - 19. Let i = a - 5. Let v be i - (-1)/((-1)/5). Calculate p(v).
-5
Let p = 1035 + -1041. Let m be (-1 + 0)/(1/(-9)). Let s(t) = -2*t + 4 + m*t - 2*t**2 + 3*t**2. Calculate s(p).
-2
Suppose 2*z - 8 = a, 0*z + 4 = -4*a + z. Suppose 2*w + 3*t - 2*t - 6 = a, 2*w = 3*t - 2. Let h(n) = -3*n + 97 - n**3 + 0*n**2 - 94 + 3*n**w. What is h(2)?
1
Let y(f) be the third derivative of -f**5/30 + f**3/6 - 3*f**2. Let g be (-22)/(-6) - 22/33. Suppose -g = 2*z - 5*z. Determine y(z).
-1
Let v(x) be the first derivative of -11*x**3/3 - x**2 - x - 13. Calculate v(-1).
-10
Let v(r) = 4*r**2 - 3*r - 3. Let a(f) = -f**2 + 1. Let j(n) = n**2 + 5*n - 9. Let s be j(-6). Let p(d) = s*a(d) - v(d). Determine p(5).
-10
Suppose 204*l - 181*l = 0. Let w(m) = -m**2 - 4*m + 3. Give w(l).
3
Suppose 3*m + k = 14, 10 - 4 = 3*k. Suppose 0 = -2*l + m, -b + 5*l = 13 - 3. Let a(z) = -z - 7. Give a(b).
-7
Suppose 977*j - 16 = 981*j. Let c(f) = 3*f**2 + 5*f + 1. Let p(l) = 2*l**2 + 3*l + 1. Suppose 5 = -4*b + 3*b. Let v(a) = b*c(a) + 7*p(a). Calculate v(j).
2
Let r(y) be the first derivative of -3*y**4/4 + y**3/3 + y**2 + y - 52. What is r(2)?
-15
Let f(t) be the third derivative of 5/6*t**3 + 0*t - 1/24*t**4 + 6*t**2 + 1. Give f(11).
-6
Let p(o) = -o**2 + 5*o - 4. Let f(n) = n - 12. Let x be f(10). Let w = x + -12. Let u = -9 - w. Give p(u).
-4
Let p(i) = 2 + 191*i - i**3 - 194*i - 10 + 7*i**2. Calculate p(7).
-29
Let j(l) = l**2. Let t(c) = -10*c**2 + 6*c - 2. Let r(p) = -8*j(p) - t(p). What is r(2)?
-2
Let i(h) = 13*h - 170. Let q be i(13). Let j(t) = -22*t - 2. Give j(q).
20
Let y(d) = -d**2 + 2*d**2 + 29 + 6 - 34. Calculate y(1).
2
Let y(q) = 7*q - 5. Let f be y(1). Let b(l) = 3*l - l + l**f + l - 3 + 2*l. Calculate b(-6).
3
Let u(a) be the second derivative of -a**5/20 - 5*a**4/12 + 4*a**3/3 - 2*a**2 + 135*a. Determine u(-6).
-16
Let b be 252/210*(-90)/4. Let n(u) = -u**2 - 26*u + 28. Calculate n(b).
1
Let x(o) = 3*o**2 + 8*o + 9. Let z be x(-4). Suppose -3*p + 13 = -5*c - 12, z = -2*p - 5*c. Let d(n) = -n**3 + n**2 + n + 3. Determine d(p).
3
Suppose -15*q - 128 = -31*q. Let z(h) = h**2 - 10*h + 3. What is z(q)?
-13
Let m(f) be the third derivative of f**4/24 + 3*f**3/2 + f**2 - 8. Give m(-8).
1
Let r be 0/((60/4)/(-5)). Suppose 0*z - 2*z = -6. Let l = z - r. Let o(c) = -c**2 + c. Calculate o(l).
-6
Let b = -23 + 25. Suppose -b*x = -2*u - 0*u + 24, -4*u + 5*x = -49. Let y = u + -15. Let w(o) = o**3 + 5*o**2 + 5*o + 4. Give w(y).
0
Let f(w) = -w**2 - 4*w + 6. Let h be -9*(23 + -27 - (-13)/3). Determine f(h).
9
Let r(d) = 50*d + 53*d - 99*d + d**3 + 4*d**2. Calculate r(-3).
-3
Suppose 0 = -2*n - 5*p - 9, -3*n + 14 = -3*p - 4. Let g(b) = -7*b**2 - 15*b - 11. Let w(h) = -4*h**2 - 8*h - 5. Let i(v) = n*g(v) - 5*w(v). What is i(-6)?
-14
Let p(b) be the second derivative of -b**3/6 + b**2 + b. Suppose -5*g + 5*c - 15 = 0, -6*c + c = 0. Let w be (-1)/g + 112/(-48). Give p(w).
4
Suppose 3*s + 1 = 10. Let w(f) = -f + 7*f + 2*f - s + f**2 + f. Determine w(-9).
-3
Let a(x) be the second derivative of 2*x**3/3 + 11*x**2/2 - 140*x. Calculate a(-5).
-9
Suppose -4*y - 5*f + 18 = -1, -12 = -4*f. Let g(t) = 20*t - 1. Determine g(y).
19
Let j(o) be the second derivative of 5*o**3/6 + 2*o**2 - 58*o + 2. Give j(-4).
-16
Let h be (-256)/112 - (36/21 - 2). Let o(n) = -n + 8. Let t be o(6). Let f(m) = -3*m + m + 4*m**2 - t - 3*m**2. Give f(h).
6
Let l(n) be the first derivative of -7*n**2 - 97. Give l(-2).
28
Let q(t) be the second derivative of t**3/6 - 3*t**2/2 + 160*t. Give q(4).
1
Let u(c) = -275*c + 302*c + 12 - 12. What is u(1)?
27
Let k(g) = -g + 6. Let q(y) = 8. Let z(i) = 8*k(i) - 6*q(i). Let b = -93 + 92. Calculate z(b).
8
Let f(h) = h**2 + 2*h + 1. Let s(c) = -12*c**2 - 6*c - 1. Let x(r) = 2*f(r) + s(r). What is x(1)?
-11
Let k(m) = m**2 - m - 5. Let o(x) = -6 + 6 + x**2 - 5 + 0*x**2. Let v(u) = 5*k(u) - 6*o(u). Let q = -7 + 1. Give v(q).
-1
Let p(r) be the second derivative of -4*r + 1/2*r**4 + 7/2*r**2 + 1/20*r**5 + 0 + 7/6*r**3. Give p(-5).
-3
Let o(r) = -r**2 + 4*r - 4. Suppose 2 = -j - 5*a, 0*j + j - 8 = 5*a. Let p(n) = 8 + 3*n - n - j*n + 0*n. Let h be p(4). What is o(h)?
-4
Let d = -11 - -19. Suppose d*h = 5*h - 3. Let u(c) = c + 1. Let s(l) = 6*l + 3. Let g(a) = -s(a) + 2*u(a). What is g(h)?
3
Let a(d) = -23*d**3 + 1. Let s(h) = h**2 + 8*h + 1. Let v be s(-8). Give a(v).
-22
Let z = 0 - -5. Suppose 7 = -u + z*v, -2*u = -2*v - 15 - 3. Suppose -u = 2*j + 5*m - 33, -5*j - 2*m = -29. Let i(o) = -o**3 + 6*o**2 - 5*o + 7. Calculate i(j).
7
Let f(h) = 2*h**2 - h - 2 + 0*h**2 + 0 - h. Let c be -5 - (3/(-3) + -2). Let q(m) = 4*m**2 - 4*m - 3. Let a(i) = c*q(i) + 5*f(i). What is a(3)?
8
Let a(n) = n + 2. Let g(